 89 + q. Does 16 divide t?
False
Suppose -2*v + 4*q = 8, -5*v + 4*v - 5*q + 24 = 0. Does 9 divide (-870)/(-24) - 1/v?
True
Let k(r) = -r - 4. Let n(t) = -t**3 - 4*t**2 - 2*t. Let p be n(-3). Let i be k(p). Let q(z) = -26*z - 1. Is q(i) a multiple of 21?
False
Let g(q) be the second derivative of q**6/720 + q**5/15 - q**4/4 + 4*q. Let n(i) be the third derivative of g(i). Is 8 a factor of n(0)?
True
Let p = 19 + -17. Does 2 divide p/(-6) - 95/(-15)?
True
Let r = 8 + 82. Is r a multiple of 18?
True
Suppose -2*v + 4 + 40 = 0. Suppose 0 = -4*x - n + 9 + 7, -3*x = n - 13. Suppose -k = -x*k - 2*c + 12, -4*k - 5*c + v = 0. Is 4 a factor of k?
True
Let u be 323/3 - 4/6. Suppose -3*k = 32 - u. Is k a multiple of 17?
False
Suppose 0 = -0*k + 3*k - 5*x - 26, -20 = -2*k + 2*x. Is 11 a factor of 13 + (k/3)/(-2)?
True
Let u(z) = 2*z - 1. Suppose -12 = -5*j - 3*w - 2, 0 = 4*j - 3*w + 19. Let m(x) = -9*x**3 - x**2 + x + 1. Let n be m(j). Is u(n) a multiple of 7?
False
Suppose 2*k - 3*q = 145, k - q = 24 + 51. Suppose 4*h - 12 = k. Is 14 a factor of h?
False
Suppose 7*i = 4*i + 33. Let t be 1/(-2)*0/(-1). Suppose z = -t*z - q + 7, 2*z - q = i. Does 6 divide z?
True
Let k(x) = -2*x**3 - 4*x**2 + 2*x + 3. Suppose 2*a = -3*u + 8, 5*a + 4*u = -0*a + 20. Let o = a + -7. Is 5 a factor of k(o)?
True
Let x(g) = g**3 - 2*g + 2. Let r be x(2). Suppose -7*t = -r*t - 29. Does 21 divide t?
False
Let c = -7 + 10. Let l = c - 3. Suppose -2*p + 21 + 1 = l. Is 4 a factor of p?
False
Suppose 6*q = -11 + 311. Does 10 divide q?
True
Let z(c) = -c - 3. Let g be z(-5). Suppose -g*n = -86 - 10. Let x = n + -27. Does 21 divide x?
True
Does 10 divide ((-126)/4)/((-6)/40)?
True
Does 21 divide ((0 - -5)/10)/((-1)/(-226))?
False
Let m = 16 - 10. Is (-9)/((-9)/m*1) a multiple of 5?
False
Is (-7)/(35/(-15)) + 3 a multiple of 3?
True
Suppose 5*a - 2*s = 4*a + 12, -4*a = 2*s + 2. Suppose -80 = a*g - 7*g. Is g a multiple of 8?
True
Let o = 49 + -16. Does 33 divide o?
True
Suppose 5*t - 4*g + 0 = 33, -3*g + 4 = 2*t. Let l be t + -2 + (-1)/(-1). Let a = 30 - l. Is 13 a factor of a?
True
Suppose g - 227 = -2*d, -4*g + 326 = d - 596. Is g a multiple of 29?
False
Let s(u) = u - 5*u**2 + 112 + 3*u + 18*u**2. Let k(m) = -3*m**2 - m - 28. Let g(r) = -9*k(r) - 2*s(r). Does 14 divide g(0)?
True
Suppose 4*v + 5*b - 20 = 0, -2*v = -3*b - 6 - 4. Suppose -v*i - 308 = 97. Does 7 divide i/1*(-1)/3?
False
Let g = -30 + 58. Is g a multiple of 8?
False
Let m = -163 + 115. Let t = m - -73. Does 8 divide t?
False
Suppose 120 + 72 = 4*y. Does 24 divide y?
True
Suppose -h - 1 = -10. Let l(a) = -h*a**2 + 13*a**2 + 9*a**2 - a. Is 6 a factor of l(1)?
True
Let l = 86 - -104. Is 38 a factor of l?
True
Let v = -64 + 13. Let d = -22 - v. Suppose -3*i + 217 = 4*y + y, -y = -3*i - d. Is y a multiple of 25?
False
Suppose -285 = -4*z - z. Suppose -3*l - v = -z, -19 = -4*l + 3*l + v. Is l a multiple of 6?
False
Let x(o) = o**2 + 10*o + 29. Does 13 divide x(-19)?
False
Suppose 5*i - 59 = -2*c, -c + 19 = 4*i - 30. Suppose -m = -y + i, 0 = -2*y - m - 4*m + 47. Is y a multiple of 8?
True
Let s = -11 + 22. Suppose 0 = 4*h + 5*f - 21, s = -4*h + f + 50. Is 5 a factor of h?
False
Let l = 19 - 34. Let y = l - -27. Does 8 divide y?
False
Suppose -4*s + 13 = -7. Let j = -1 + s. Suppose 3*w + 2 = -c + j, -w - 2*c = 6. Is w a multiple of 2?
True
Let v = 6 + -13. Let o be (-2)/v - 54/(-7). Suppose o = 3*x + x. Is x a multiple of 2?
True
Let z = -1 + 4. Suppose 3*b - 48 = 4*x, x + b = -z*x - 64. Is 4 a factor of (-1)/(x/12)*15?
True
Let z = -41 + 89. Is 30 a factor of z?
False
Let f = 1 + 42. Suppose -28 = -2*w - 3*a + f, -5*w - 2*a + 161 = 0. Is 13 a factor of w?
False
Let m(a) = -5*a + a - 3 + 3*a - a. Let f be m(-6). Suppose -h + 9 = -f. Is h a multiple of 9?
True
Let t be 12/8 + 103/(-2). Let k = -16 - t. Is 25 a factor of k?
False
Suppose 89 = 19*x - 18*x. Is x a multiple of 3?
False
Let l be ((-34)/(-6))/((-2)/(-6)). Suppose 0*v - l = -v. Is 5 a factor of v?
False
Let x be (-81)/18*(-50)/3. Suppose 5*j + 15 - x = 0. Is 12 a factor of j?
True
Suppose 266 = 5*w + 26. Does 24 divide w?
True
Let t(c) = 18*c**3 + 2*c**2 - 5*c + 10. Does 23 divide t(2)?
False
Is (-23 - -1)*(-8)/16*2 a multiple of 22?
True
Suppose -4*b - b = 20. Let p = b - -4. Is 13 a factor of 6*(p + (-13)/(-3))?
True
Let s(n) be the first derivative of 2*n**3 + 3*n**2/2 - 3*n + 6. Does 18 divide s(-3)?
False
Let x = 46 + -18. Does 14 divide x?
True
Suppose -935 = -9*r - 98. Is 25 a factor of r?
False
Let c(j) = 12*j**2 - 4*j. Is 12 a factor of c(3)?
True
Suppose -5*z = 4*u - 702, 179 = u - 3*z + 6*z. Let d = u + -91. Does 28 divide d?
False
Suppose -2*d - 63 = 43. Let x = d - -100. Does 15 divide x?
False
Let b(x) be the third derivative of 5*x**4/24 + x**3/2 - x**2. Let m be b(-3). Does 3 divide 2/(m/3)*-12?
True
Let y be 0/((-4)/2 + -1). Let d(h) = 16*h - 51. Let a(v) = 3*v - 10. Let o(p) = -11*a(p) + 2*d(p). Does 4 divide o(y)?
True
Suppose y + 18 = 4*p - 0*y, y - 6 = -2*p. Suppose -p*t + 7 + 13 = 0. Is t a multiple of 5?
True
Let t = -3 + 2. Let v be 2/t*1/(-2). Let w(c) = 2*c**2 + 1. Is 2 a factor of w(v)?
False
Let x(d) = -d**2 - d - 30. Let v be x(0). Let j be (-6)/2*v/3. Suppose -3*b = -j - 39. Is 11 a factor of b?
False
Let i = 7 - -21. Suppose 5*h = h + i. Is h even?
False
Suppose -4*g = 0, -4*m + 192 = 3*g - 4*g. Is 12 a factor of m?
True
Let a be 2/(-3)*15/(-2). Let g be 1 + (-5)/2*-2. Suppose a*n - g - 44 = 0. Does 10 divide n?
True
Let y(n) = -6*n**3 - 3*n**2 - 2*n - 1. Let x = -21 - -19. Does 13 divide y(x)?
True
Suppose -25*z + 22*z + 684 = 0. Is z a multiple of 19?
True
Let x(q) = 21*q**2 - 1. Is x(-1) even?
True
Suppose 3*f = -h - 3*h + 12, -3*f - 15 = -5*h. Suppose -2*p + 0*p + 28 = f. Is p a multiple of 14?
True
Let u = -3 - -4. Suppose -2*j + u = -y + 4, 0 = -y + 5*j. Suppose y*b - 10 = 5. Is b a multiple of 2?
False
Let y(p) = 10*p + 36. Is y(8) a multiple of 30?
False
Let j(p) = -1 - 3*p + 4*p + 8 + 2. Let r be j(-7). Suppose -r*f + 4*f = 64. Is 23 a factor of f?
False
Suppose 5*x - 4 = -4*d, -4*x = -3*d - 0*x - 28. Is 2 a factor of (d/3)/((-6)/9)?
True
Let c(o) = o + 3. Let r be c(-3). Suppose s - 1 - 2 = r. Suppose 3*h + 4*g = 31, h - s - 6 = -g. Is h a multiple of 2?
False
Let n = 3 + 0. Suppose i = -5*x + 7, 4*i - 3 = 2*x + n. Is 4 a factor of x/2*24/3?
True
Suppose -d + 5*r = -4*d + 5, 2*d + 5*r + 5 = 0. Does 15 divide (-67)/(-1) - (8 - d)?
False
Let v(l) = l**2 - 2*l - 5. Let j be v(4). Let h = j - 0. Suppose -7 = -w + g + h*g, -5*w - 2*g + 35 = 0. Is 7 a factor of w?
True
Suppose -49 = 4*c - f, -c = c + 4*f + 20. Is (0 + 8)*(-27)/c a multiple of 6?
True
Let u = 21 + -18. Suppose -2*h - 5*x = -h - 68, 2*x = u*h - 153. Is h a multiple of 28?
False
Let z = 110 - 50. Is z a multiple of 12?
True
Let n = 33 - 15. Suppose n = 2*m - 6. Suppose m = 3*v - v. Is 4 a factor of v?
False
Suppose -4*u + 278 + 22 = 0. Is 15 a factor of (u/20)/(1/4)?
True
Let d(i) = i**3 - 2*i**2 + i + 12. Does 4 divide d(0)?
True
Let d = 12 + -30. Let a be (-2560)/d - (-4)/(-18). Suppose 5*j - 13 = a. Is j a multiple of 21?
False
Let q = 212 - 111. Is 34 a factor of q?
False
Suppose -3*v + 55 = 5*w, 0*v - 3*v = 2*w - 31. Does 5 divide w?
False
Suppose u - 1 = 7. Is (-6)/u*4*-12 a multiple of 17?
False
Is (45 - 3) + 4 - -2 a multiple of 16?
True
Let p(i) = -i**3 + 28*i**2 - 22*i + 21. Does 13 divide p(27)?
True
Let y be 75*1 - (1 - 3). Let c = y + -37. Let x = c + -8. Is x a multiple of 16?
True
Let k = -64 + 113. Does 7 divide k?
True
Is (-21 + 33)/(3/4 - 0) a multiple of 2?
True
Let n(g) = 13*g**2 - 3*g. Let x be n(3). Suppose u - 157 = -2*u + 2*t, -2*t - x = -2*u. Suppose 3*b + u = 5*q + 4*b, -q + 13 = -3*b. Does 3 divide q?
False
Let q(x) = 26*x**2 + x - 1. Let h be q(1). Let n be 111/39 - (-4)/h. Suppose -n*i + 42 - 6 = 0. Does 6 divide i?
True
Let p(b) = -b**2 + 3*b + 50. Is 11 a factor of p(7)?
True
Is 2/(-1)*(-3 + -69) a multiple of 48?
True
Suppose 3*u + 3*n = -9, 0 = -u + 6*n - n - 15. Let s = u + 9. Is 3 a factor of 8 - s/(8/6)?
False
Let v be ((-3)/3)/(-2)*0. Suppose -215 = -4*h - 4*i - 27, v = 5*i - 5. Suppose 4 = -3*w + h. Is 7 a factor of w?
True
Is 7 a factor of (-2)/11 - 158/(-22)?
True
Let j = 17 + -11. Does 3 divide j?
True
Let c(i) = 6*i - 1. Is c(8) 